{"id":1339,"date":"2021-02-25T16:56:34","date_gmt":"2021-02-25T14:56:34","guid":{"rendered":"http:\/\/www.orlux-ag.ch\/?page_id=1339"},"modified":"2022-03-07T19:20:41","modified_gmt":"2022-03-07T17:20:41","slug":"maskenpflicht","status":"publish","type":"page","link":"https:\/\/www.orlux-ag.ch\/?page_id=1339","title":{"rendered":"Maskenpflicht"},"content":{"rendered":"\n<p><a href=\"https:\/\/www.orlux-ag.ch\/?page_id=519\"><strong>Weiterlesen<\/strong><\/a><br>\u00a9 ProLitter<img loading=\"lazy\" decoding=\"async\" src=\"https:\/\/pl01.owen.prolitteris.ch\/na\/plzm.6622a91f-a57a-4c6d-b0e3-c700d161979e\" width=\"1\" height=\"1\">is, Raffaela Christina de Vries<\/p>\n\n\n\n<p><strong>Aushandlung der Maskenpflicht im Kanton Z\u00fcrich<\/strong><\/p>\n\n\n\n<p><strong>von Raffaela Christina de Vries<\/strong><\/p>\n\n\n\n<p>Seit Donnerstag, dem 27. August 2020, gilt im Kanton Z\u00fcrich aufgrund des SARS-CoV-2 (<em>Severe acute respiratory coronavirus type 2<\/em>) eine Maskentragpflicht in den L\u00e4den. Als Reaktion darauf konnte man in den Einkaufszentren der angrenzenden Kantone Schwyz oder Aargau eine deutliche Zunahme an z\u00fcrcherischen Eink\u00e4ufern feststellen<a href=\"https:\/\/www.orlux-ag.ch\/wp-admin\/post.php?post=664&amp;action=edit#sdfootnote1sym\"><sup>1<\/sup><\/a>. Erkl\u00e4rt wurde dies mit dem Ausbleiben der Maskentragpflicht in den L\u00e4den in diesen Kantonen. Zwei Wochen sp\u00e4ter, am 10. September 2020, wurde die Maskentragpflicht im Kanton Z\u00fcrich erweitert. Ab diesem Zeitpunkt sollten auch in allen anderen \u00f6ffentlich zug\u00e4nglichen Bereichen Masken getragen werden<a href=\"https:\/\/www.orlux-ag.ch\/wp-admin\/post.php?post=664&amp;action=edit#sdfootnote2sym\"><sup>2<\/sup><\/a>. Am 29. Oktober 2020 wurde die Maskentragpflicht gesamtschweizerisch durch den Bund verordnet<a href=\"https:\/\/www.orlux-ag.ch\/wp-admin\/post.php?post=664&amp;action=edit#sdfootnote3sym\"><sup>3<\/sup><\/a>.   <\/p>\n\n\n\n<p>Beginn September wurden in diversen Medien die Schlagzeilen prominent, dass beispielsweise Ikea in Dietlikon Z\u00fcrich die Maskentragdispens aufgrund eines Arztzeugnisses nicht akzeptiert und somit der Zutritt verweigert wird<a href=\"#sdfootnote4sym\"><sup>4<\/sup><\/a>. Bei der Konsultation der Website von Ikea, insbesondere der Hausordnung, liess sich vor der Einf\u00fchrung der nationalen Maskenpflicht folgende Aussage finden:   <\/p>\n\n\n\n<p> \u00abWir richten uns nach den <strong>kantonalen Bestimmungen<\/strong> zur Bek\u00e4mpfung der Pandemie. <strong>In einigen unserer IKEA Einrichtungsh\u00e4usern gilt zudem eine ausnahmslose Maskenpflicht <\/strong>[\u2026]. Kundinnen und Kunden, die keine Maske tragen m\u00f6chten \u2013 <strong>ob mit oder ohne Attest \u2013 wird der Besuch eines Einrichtungshauses, in dem die Maskenpflicht gilt, nicht gestattet<\/strong>. Wir handhaben es \u2018f\u00fcr die Vielen\u2019 gleich und sehen in uns nicht die n\u00f6tige Fachkompetenz, zwischen einem \u00e4rztlich verschriebenem und einem im Internet gekauften Attest zu unterscheiden.\u00bb<a href=\"#sdfootnote5sym\"><sup>5<\/sup><\/a>  <br><br> Der Verweis auf die kantonalen Bestimmungen zeigt lediglich, dass die Maskenpflicht \u00abin allen Innenr\u00e4umen von Einkaufsl\u00e4den, Einkaufszentren und M\u00e4rkten\u00bb<a href=\"#sdfootnote6sym\"><sup>6<\/sup><\/a> gilt. Doch der Verzicht auf eine Akzeptanz von Arztzeugnissen l\u00e4sst sich auf keine mit dem im Virus in Verbindung stehende Rechtsgrundlage zur\u00fcckf\u00fchren. Daraus l\u00e4sst sich schliessen, dass Ikea hier eine subjektive Entscheidung gef\u00e4llt hat, welche auch anders h\u00e4tte getroffen werden k\u00f6nnen.    <\/p>\n\n\n\n<p>Aus diesem Grund ergibt sich die Forschungsfrage f\u00fcr diese im Seminar \u201eEmpirische Ans\u00e4tze der Rechtssoziologie\u201c an der Universit\u00e4t Z\u00fcrich entstandene Arbeit: <em>Inwiefern wird die Maskentragpflicht in \u00f6ffentlichen R\u00e4umen wahrgenommen und pers\u00f6nlich umgesetzt?<\/em><\/p>\n\n\n\n<p><a href=\"#sdfootnote1anc\">1<\/a>o.A. (2020). Wegen Maskenpflicht: Z\u00fcrcher kommen zum Einkaufen in den Kanton Schwyz. Bericht vom 09.09.2020. Verf\u00fcgbar unter: https:\/\/marchanzeiger.ch\/2020\/09\/09\/wegen-maskenpflicht-zuercher-kommen-zum-einkaufen-in-den-kanton-schwyz\/ [zuletzt abgerufen am: 06.01.2021]<\/p>\n\n\n\n<p><a href=\"#sdfootnote2anc\">2<\/a>Kanton Z\u00fcrich (2020). Stadt Z\u00fcrich f\u00fchrt Maskenpflicht in \u00f6ffentlich zug\u00e4nglichen Bereichen ein. Medienmitteilung vom 7. September 2020. Verf\u00fcgbar unter: https:\/\/www.stadt-zuerich.ch\/gud\/de\/index\/departement\/medien\/medienmitteilungen\/2020\/september\/200907a.html [zuletzt abgerufen am: 05.01.2021]<\/p>\n\n\n\n<p><a href=\"#sdfootnote3anc\">3<\/a>Bundesamt f\u00fcr Gesundheit (2020). Coronavirus: Massnahmen und Verordnungen. Verf\u00fcgbar unter: https:\/\/www.bag.admin.ch\/bag\/de\/home\/krankheiten\/ausbrueche-epidemien-pandemien\/aktuelle-ausbrueche-epidemien\/novel-cov\/massnahmen-des-bundes.html#1570431754 [zuletzt abgerufen am: 05.01.2021]<\/p>\n\n\n\n<p><a href=\"#sdfootnote4anc\">4<\/a>Wozny, N. (2020). Ikea verweigert Kundin ohne Maske trotz Arztzeugnis Zutritt. Bericht vom 28.09.2020. Verf\u00fcgbar unter: https:\/\/www.20min.ch\/story\/ikea-verweigert-kundin-ohne-maske-trotz-arztzeugnis-zutritt-811133397909 [zuletzt abgerufen am: 06.01.2021]<\/p>\n\n\n\n<p><a href=\"#sdfootnote5anc\">5<\/a>Website Ikea: <a href=\"https:\/\/www.ikea.com\/ch\/de\/stores\/willkommen-zurueck-pub7a0a96c0\">https:\/\/www.ikea.com\/ch\/de\/stores\/willkommen-zurueck-pub7a0a96c0<\/a> [zuletzt abgerufen am: 07.10.2020]. Hervorhebung im Original.<\/p>\n\n\n\n<p><a href=\"#sdfootnote6anc\">6<\/a>Website Kanton Z\u00fcrich: <a href=\"https:\/\/www.zh.ch\/de\/gesundheit\/coronavirus.html\">https:\/\/www.zh.ch\/de\/gesundheit\/coronavirus.html<\/a> [zuletzt abgerufen am: 07.10.2020]<br>ProLitter<img loading=\"lazy\" decoding=\"async\" src=\"https:\/\/pl01.owen.prolitteris.ch\/na\/plzm.6622a91f-a57a-4c6d-b0e3-c700d161979e\" width=\"1\" height=\"1\">is.<\/p>\n\n\n\n<p> <a href=\"https:\/\/www.orlux-ag.ch\/?page_id=1298\"><strong>Weiterlesen: Rechtswirkungen<\/strong><\/a><\/p>\n\n\n\n<p><br>  <\/p>\n\n\n\n<p><br> <\/p>\n\n\n\n<p><br><br><\/p>\n","protected":false},"excerpt":{"rendered":"<p>Weiterlesen\u00a9 ProLitteris, Raffaela Christina de Vries Aushandlung der Maskenpflicht im Kanton Z\u00fcrich von Raffaela Christina de Vries Seit Donnerstag, dem 27. August 2020, gilt im Kanton Z\u00fcrich aufgrund des SARS-CoV-2 (Severe acute respiratory coronavirus type 2) eine Maskentragpflicht in den L\u00e4den. Als Reaktion darauf konnte man in den Einkaufszentren der angrenzenden Kantone Schwyz oder Aargau &hellip; <a href=\"https:\/\/www.orlux-ag.ch\/?page_id=1339\" class=\"more-link\"><span class=\"screen-reader-text\">Maskenpflicht<\/span> weiterlesen <span class=\"meta-nav\">&rarr;<\/span><\/a><\/p>\n","protected":false},"author":1,"featured_media":0,"parent":664,"menu_order":0,"comment_status":"open","ping_status":"closed","template":"","meta":{"footnotes":""},"class_list":["post-1339","page","type-page","status-publish","hentry"],"_links":{"self":[{"href":"https:\/\/www.orlux-ag.ch\/index.php?rest_route=\/wp\/v2\/pages\/1339","targetHints":{"allow":["GET"]}}],"collection":[{"href":"https:\/\/www.orlux-ag.ch\/index.php?rest_route=\/wp\/v2\/pages"}],"about":[{"href":"https:\/\/www.orlux-ag.ch\/index.php?rest_route=\/wp\/v2\/types\/page"}],"author":[{"embeddable":true,"href":"https:\/\/www.orlux-ag.ch\/index.php?rest_route=\/wp\/v2\/users\/1"}],"replies":[{"embeddable":true,"href":"https:\/\/www.orlux-ag.ch\/index.php?rest_route=%2Fwp%2Fv2%2Fcomments&post=1339"}],"version-history":[{"count":22,"href":"https:\/\/www.orlux-ag.ch\/index.php?rest_route=\/wp\/v2\/pages\/1339\/revisions"}],"predecessor-version":[{"id":2294,"href":"https:\/\/www.orlux-ag.ch\/index.php?rest_route=\/wp\/v2\/pages\/1339\/revisions\/2294"}],"up":[{"embeddable":true,"href":"https:\/\/www.orlux-ag.ch\/index.php?rest_route=\/wp\/v2\/pages\/664"}],"wp:attachment":[{"href":"https:\/\/www.orlux-ag.ch\/index.php?rest_route=%2Fwp%2Fv2%2Fmedia&parent=1339"}],"curies":[{"name":"wp","href":"https:\/\/api.w.org\/{rel}","templated":true}]}}